2 + 2*n - 6. Let u be x(-7). Let t(q) = -q**3 - 5*q**2 + 2*q + 5. Let c be t(-6). Calculate the greatest common factor of u and c.
29
Let v(n) = -12*n - 6. Let x be v(-5). Calculate the greatest common divisor of x and 18.
18
Let h = -153 - -225. What is the highest common divisor of 24 and h?
24
Let t = 1 + 6. Calculate the highest common divisor of t and 35.
7
Let f(w) = w**2 + 9*w + 1. Let m be f(-10). Let i = 2 + 3. Suppose 0 = -i*y + 392 + 48. Calculate the highest common divisor of y and m.
11
Suppose 0 = 3*f - 5*t - 2, 2*f - 6 = t. Suppose 2*a + 5*q - 150 = 0, 0 = f*a + q + 46 - 310. Calculate the highest common divisor of 13 and a.
13
Suppose 7 + 45 = 2*p. Suppose p + 29 = 2*r + y, 4*y = -r + 31. Let x be -2 + (-3 - -2) + 12. Calculate the greatest common divisor of x and r.
9
Let i = 88 - 59. What is the highest common factor of 232 and i?
29
Let m be ((-18)/27)/((-1)/(-15)). Let c = m - -15. Calculate the highest common factor of 1 and c.
1
Suppose -4*a + 3*g = -0*a - 17, -5*g - 25 = -5*a. Calculate the highest common divisor of a and 3.
1
Suppose -3*t - 5 = -14. Calculate the highest common divisor of 3 and t.
3
Let g(r) = -2*r - 14 - 3*r + 4*r - 4*r. Let n be g(-5). Calculate the highest common factor of n and 11.
11
Let k = 8 + 82. Calculate the highest common factor of 15 and k.
15
Let j be 2/(-8) - (-2889)/36. What is the greatest common divisor of j and 32?
16
Suppose 0 = 5*r + 104 - 174. Calculate the greatest common divisor of 2 and r.
2
Suppose -i - 1 = 2*u, -2*u - u = 9. Let l = i + 4. Let t be 21/(3*1/9). What is the highest common factor of t and l?
9
Let b be 0 - -3*(-2)/(-2). Let i(s) = -s**3 + 7*s**2 - 6*s - 2. Let d be i(5). What is the highest common factor of d and b?
3
Let g be (3 - 3)/(1 - -1). Suppose g = -n + 146 - 11. Calculate the greatest common divisor of 15 and n.
15
Let n = 9 - 1. Suppose -2 = 2*t + 3*z, -3*t - 31 = 2*t + z. Let k = 15 + t. What is the greatest common divisor of n and k?
8
Let r(c) = c**2 + 9*c + 10. Let d be r(-8). Calculate the greatest common divisor of 22 and d.
2
Let u(j) = -j**3 + 6*j**2 - 3*j + 4. Let f be u(5). Suppose 5*w = -6 - f. Let c = 7 + w. What is the highest common factor of 3 and c?
3
Suppose -2*k + 5*n + 3 + 0 = 0, 5*k - 4*n = 16. Let f = 8 - 7. What is the greatest common factor of f and k?
1
Let g be 21 - 8*(-1)/(-2). What is the highest common factor of g and 17?
17
Suppose -179 - 109 = -2*z. Calculate the highest common factor of z and 16.
16
Let c be 6/4*(-136)/(-51) + 3. Let b be (8/6)/(2/30). Suppose -5*x + b = -5*j, 7*j - 24 = 3*j - 4*x. What is the highest common divisor of c and j?
1
Let f(h) = 7*h**2 - 6*h - 17. Let n(l) = -4*l**2 + 3*l + 9. Let x(b) = -3*f(b) - 5*n(b). Let w be x(3). What is the greatest common divisor of w and 6?
6
Suppose -w = -11 - 14. Calculate the greatest common divisor of w and 25.
25
Let o be 27/(-3)*6/(-1). Let a be (-2 - -3) + -3 + 41. Let f = -3 + a. Calculate the highest common divisor of f and o.
18
Let q be 8/(-168)*-666 + 2/7. Let l = -1 - -16. Let k be (48/5)/(3/l). Calculate the greatest common factor of q and k.
16
Let n = -350 - 28. Let w = -194 - n. Calculate the highest common factor of 23 and w.
23
Suppose 2*x + 180 = 4*x. Suppose -2*k = 3*k - x. Calculate the highest common divisor of 144 and k.
18
Let i = 22 - 15. What is the highest common divisor of 28 and i?
7
Let p be (-50)/4*(-4)/5. Suppose -p = -3*s - 2*s. Calculate the greatest common factor of s and 1.
1
Suppose 8 = -4*l, 0 = 6*x - x + 2*l - 66. What is the highest common factor of x and 35?
7
Let c = 34 + -17. Let n(g) = 2*g + 3*g**2 + 3*g + 7*g**2 - 6 + g**3 + 11. Let o be n(-6). Calculate the greatest common factor of c and o.
17
Let w(d) = 2*d - 4. Let n be w(5). Let s = n + 11. Let u = 49 - s. What is the highest common factor of u and 4?
4
Let h(r) = -r**2 + 6 + 2*r**2 + 0*r**2 - 3*r. Let p be h(6). Let z be (-15)/(-10)*(-2)/(-1). What is the highest common factor of z and p?
3
Suppose -5*g = g - 48. What is the greatest common factor of 8 and g?
8
Let r(v) = -4*v**2 + v + 2. Let f be r(-4). Let t be f/4*(-20)/15. Calculate the greatest common divisor of 55 and t.
11
Suppose 4*s = -4*b + 12, -3*b - 4*s + 12 = -8*b. Suppose 2*l - l = b. Let x(m) = m + 16. Let o be x(l). Calculate the greatest common factor of 2 and o.
2
Suppose 0 = 2*d + d - 15. Suppose 32 = d*z - 53. What is the highest common factor of z and 170?
17
Let w = 4 + 52. Calculate the highest common factor of w and 7.
7
Suppose -2*g = -4*s + s + 5, -4*g = -2*s - 10. Let u(o) = 6*o**2 - o + 4. Let p be u(3). Calculate the greatest common factor of g and p.
5
Let y(v) = v**3 + 9*v**2 - v - 4. Let g be y(-9). Suppose u = g + 1. Calculate the greatest common divisor of 42 and u.
6
Let t = 7 + -4. Let m(n) = -n**3 + 7*n**2 + n + 2. Let a be m(6). Suppose 0 = -x - t*x + a. Calculate the highest common factor of x and 99.
11
Let d be 0 + -6*1*-4. Let c(y) = -2*y**3 + 2*y - 2. Let g be c(2). Let v be (0 - 3) + 1 - g. What is the greatest common factor of v and d?
12
Let j be (-1 + 5)*(0 + 1). Calculate the highest common divisor of j and 2.
2
Suppose 1 + 0 = -p. Let m be ((-8)/(-6))/(p/(-36)). Calculate the highest common divisor of m and 16.
16
Let d(s) = -s**2 - 7*s - 2. Let k be d(-8). Let u = -7 - k. Let q = 16 + u. Calculate the highest common divisor of 19 and q.
19
Let s be 428/8 - ((-2)/(-4) + -1). What is the greatest common factor of s and 81?
27
Let r = 27 + -27. Suppose y = 2 - r. Calculate the highest common factor of y and 22.
2
Let h(d) = d**3 - 9*d**2 - d + 10. Let f be h(9). What is the highest common factor of f and 2?
1
Let t be ((-9)/(-6) + -2)*0. Suppose t*v + 68 = 2*v. What is the greatest common divisor of v and 17?
17
Let x = -5 + -5. Let a be (2/6)/(x/(-180)). Calculate the highest common factor of 54 and a.
6
Suppose b = -4*s + 134, -4*b = 5*s - 134 - 391. What is the greatest common factor of 26 and b?
26
Suppose 0 = -7*n + 9*n + 6. Let s be 11 - n/(-1 - -4). Suppose 0 = -4*h + 3*h + 8. What is the greatest common factor of h and s?
4
Let x(c) = -15*c - 2. Let r be x(2). Let v be (-1)/4 + (-4712)/r. What is the greatest common divisor of v and 21?
21
Suppose 2*f - 3*c - 15 = 0, -4*f + 7 = -2*c - 3. Suppose -42 = -q - f*q - 3*n, -5*n + 10 = 0. What is the highest common divisor of 4 and q?
4
Let d(n) = -n**2 - 5*n + 7. Let f = -1 + -5. Let t be d(f). Let q = 257 - 252. Calculate the greatest common divisor of t and q.
1
Let v(q) = 3*q**2 + 3*q**2 - 5*q + q + 8 + 3*q - q**3. Let x be v(6). Let w = -12 + 30. Calculate the highest common factor of w and x.
2
Let y be 1*(2 + 0) + 0. Suppose 3*d - 2*d = y. Calculate the highest common divisor of 2 and d.
2
Let w = -67 + 83. Suppose -4*h - 80 = -9*h. What is the highest common divisor of w and h?
16
Let q(l) = -5*l - 1. Let t be (-2)/(-8) + (-39)/(-4). Suppose -4*v = t - 2. Let o be q(v). What is the greatest common factor of 81 and o?
9
Let l(u) = u**2 + 4*u. Let o be l(2). Suppose 4*s - 15 = 93. Let k be (s/(-4))/((-6)/32). What is the highest common divisor of o and k?
12
Let w(y) = -5*y - 132. Let f be w(-30). Let a be 161 + 2/(3 - 1). What is the highest common factor of a and f?
18
Let o(x) = -x**3 - 8*x**2 - 7*x. Let k(v) = -v + 1. Let c(f) = 2*k(f) - o(f). Let i be c(-7). Calculate the greatest common divisor of i and 16.
16
Let w = 4 - -1. Suppose 36 = 2*l + 4*z - 4, w*l - 4*z - 72 = 0. Calculate the greatest common divisor of l and 64.
16
Suppose -2*t = -2*a - 7*t + 57, 25 = 5*t. Suppose p + 2*g + a = 2*p, -2*p = 5*g - 5. What is the greatest common factor of 2 and p?
2
Suppose 0 = 5*c + 3*d - 162, 0 = -c + 3*d + 21 - 3. What is the greatest common divisor of c and 30?
30
Let m = -55 - -100. Let h = 1 + 2. Suppose 14 = x + 3*u, -5*u - h = -4*x + 2. What is the greatest common factor of x and m?
5
Suppose 3*a - 3*v + 0*v - 294 = 0, 4*v - 88 = -a. What is the highest common factor of 12 and a?
12
Let o = -3 - -2. Let h be 42/(3 + o) - 1. Calculate the highest common divisor of 30 and h.
10
Let r(j) = 7*j + 86. Let f(l) = 4*l + 87 - l + 5*l. Let z(k) = -6*f(k) + 7*r(k). Let o be z(0). What is the greatest common factor of 10 and o?
10
Let b be 4*(-6)/(-4) - 3. Let c(d) = 8*d**2 + 0*d + d**3 + b*d + 0*d**2 + 5*d + 9. Let